797
Convert 414432103 (base 6) to base 7.
115241661
What is -16142 (base 7) in base 11?
-3456
What is -122112122121 (base 3) in base 4?
-1110103030
What is 334013022 (base 5) in base 12?
5aa682
Convert -2a54408 (base 11) to base 14.
-9a2d2d
What is -7c55e (base 15) in base 7?
-3236531
What is 3072356 (base 9) in base 3?
10002102101220
Convert -13044103 (base 5) to base 4.
-133100130
4621252 (base 10) to base 2
10001101000001111000100
1049765 (base 12) to base 3
12210202121012
Convert a44b3a (base 16) to base 13.
22ccb03
Convert -132204020 (base 5) to base 15.
-d16aa
What is 99523 (base 11) in base 7?
1140633
What is 775b83 (base 14) in base 10?
4049671
Convert -1a25ca (base 15) to base 8.
-4667532
What is -348064 (base 9) in base 3?
-101122002011
Convert 12521313 (base 6) to base 5.
101240203
-1010100100001011011111 (base 2) to base 3
-12012201012221
Convert -4123212 (base 6) to base 15.
-3d8b5
What is -7577143 (base 8) in base 6?
-111311415
-3332231 (base 4) to base 10
-16301
What is -333103120 (base 4) in base 9?
-434607
Convert 3233312 (base 5) to base 16.
d8a1
Convert 1210221010210 (base 3) to base 11.
5a8666
What is -102101102020 (base 3) in base 8?
-665552
Convert -356298 (base 11) to base 10.
-564693
21111002222 (base 4) to base 11
1420366
Convert -12a6 (base 15) to base 12.
-2379
Convert -3142301421 (base 5) to base 4.
-121030021201
38398 (base 10) to base 12
1a27a
-b72e (base 16) to base 2
-1011011100101110
-1000100110001001001010 (base 2) to base 4
-20212021022
Convert -22013322 (base 4) to base 13.
-15b49
-25434201 (base 6) to base 11
-5169a0
What is 21200212012 (base 3) in base 9?
250765
Convert 969ab (base 12) to base 7.
1454324
What is -24243501 (base 6) in base 16?
-bb83d
2ab08 (base 13) to base 2
10011110000111111
What is -114244304 (base 5) in base 9?
-1013473
-7611632 (base 10) to base 3
-112022201012022
Convert -1e3e28 (base 15) to base 4.
-11221223132
What is -3f86b1 (base 16) in base 5?
-2031210444
What is -3543023 (base 7) in base 15?
-8c972
-74294 (base 12) to base 10
-152464
Convert 19000d (base 16) to base 14.
309137
599120 (base 11) to base 14
1a9c82
What is -11210112021 (base 3) in base 16?
-170da
What is 100121012210000 (base 3) in base 5?
2301231414
What is -31013404 (base 5) in base 13?
-8a3a9
-2215050 (base 7) to base 13
-9739b
-11500 (base 10) to base 14
-4296
-213200033033 (base 4) to base 9
-21433262
Convert -5289910 (base 12) to base 15.
-158543c
What is 430bb5 (base 15) in base 14?
5d13b6
Convert 114409 (base 11) to base 5.
21302014
What is -3376525 (base 10) in base 3?
-20100112201111
Convert 100030331101 (base 4) to base 2.
10000001100111101010001
Convert 3b9dd (base 15) to base 5.
22104413
What is -5351410 (base 7) in base 10?
-651217
1666a2 (base 13) to base 15
b0077
What is 515505 (base 7) in base 9?
144233
Convert -203342002 (base 6) to base 10.
-3528146
What is 211112010 (base 4) in base 5?
14343324
-2012221021100 (base 3) to base 11
-736383
What is -7737313 (base 8) in base 14?
-3c2283
Convert 352056 (base 14) to base 7.
21252136
What is -100120112020 (base 3) in base 13?
-67a25
4649cb (base 13) to base 15
22dde4
13343413 (base 6) to base 8
1555301
What is 6935 (base 14) in base 3?
221001212
Convert 219196 (base 12) to base 6.
15241110
What is 289b87 (base 13) in base 4?
3302120301
What is 97a346 (base 12) in base 14?
467726
-85062 (base 12) to base 7
-1325021
-2223113023 (base 4) to base 12
-29a237
-655466 (base 7) to base 5
-12133211
What is 121022101220 (base 3) in base 2?
1001110011000011110
What is -46003162 (base 7) in base 14?
-762232
Convert -110111101111111000100100 (base 2) to base 10.
-14614052
Convert ca9f4 (base 16) to base 13.
2309b7
What is -1201241413 (base 5) in base 7?
-32310453
Convert -23032221022 (base 4) to base 2.
-1011001110101001001010
Convert 5438729 (base 10) to base 11.
308521a
What is -230021110302 (base 4) in base 14?
-1773574
24315841 (base 9) to base 10
11879740
28a753 (base 11) to base 7
3565666
What is 1a70aa (base 13) in base 15?
d4382
Convert 5172063 (base 8) to base 5.
322420420
Convert 1064b2 (base 13) to base 5.
44312141
What is -5281cd (base 14) in base 5?
-1203211111
9b1a40 (base 13) to base 15
4c4582
What is -152224 (base 10) in base 5?
-14332344
What is 73053 (base 10) in base 9?
121180
What is 3202626 (base 7) in base 3?
201200122010
What is -123780 (base 11) in base 2?
-101111101010111101
What is 945177 (base 14) in base 12?
1816259
What is 3891a2 (base 12) in base 4?
3202213022
100011111010011101 (base 2) to base 10
147101
What is -481566 (base 13) in base 4?
-12203020302
What is -100410521 (base 6) in base 10?
-1712209
What is -11d9a (base 15) in base 3?
-2220021201
What is -4203431143 (base 5) in base 4?
-201001011011
1b7044 (base 12) to base 16
77674
What is 154720 (base 15) in base 4?
3322320111
12442044240 (base 5) to base 4
323130000023
What is -6c56a (base 13) in base 9?
-332456
Convert 3cc502 (base 13) to base 6.
51445314
-6195115 (base 11) to base 8
-51541522
-233255 (base 6) to base 13
-9266
db55ef (base 16) to base 2
110110110101010111101111
-174203 (base 8) to base 2
-1111100010000011
Convert 19cc50 (base 13) to base 14.
131503
What is 3230202301 (base 4) in base 8?
3544261
-33232031101 (base 4) to base 7
-50013550
Convert -61b11 (base 12) to base 8.
-371375
-22001305 (base 6) to base 5
-131403023
Convert -11230301120 (base 4) to base 2.
-101101100110001011000
What is -3409818 (base 11) in base 4?
-112301332031
Convert -6317634 (base 8) to base 6.
-55554204
Convert 51456 (base 13) to base 3.
21101221010
Convert 35b142 (base 15) to base 16.
2731d6
What is 312732 (base 8) in base 15?
20bb8
What is -100112202 (base 5) in base 14?
-a3b93
1856aa (base 11) to base 16
45bf0
-4234263 (base 8) to base 16
-1138b3
Convert -4622c9 (base 14) to base 5.
-1102402344
Convert 511115 (base 6) to base 2.
1001110111110111
What is -1a902a (base 11) in base 14?
-845d6
-1102232001 (base 5) to base 6
-123030052
Convert -3114350 (base 7) to base 3.
-200222122002
Convert -191114 (base 13) to base 16.
-99fc5
Convert 6c769 (base 15) to base 10.
345924
Convert -124294 (base 10) to base 3.
-20022111111
11110031 (base 5) to base 4
113303230
What is 63246 (base 11) in base 10?
92131
What is 110202002211001 (base 3) in base 13?
1531ac5
What is -2a937 (base 11) in base 8?
-125311
What is 146b6 (base 15) in base 6?
1223530
-1199235 (base 11) to base 4
-13322333200
What is 2100889 (base 12) in base 5?
3043101212
Convert -2ccbb3 (base 13) to base 8.
-4177127
-11122211102 (base 3) to base 14
-25602
What is 7bb82 (base 12) in base 14?
4461c
Convert -2012002212120 (base 3) to base 15.
-17ea96
Convert -118518 (base 9) to base 5.
-4244424
Convert 2413a86 (base 12) to base 10.
6994758
2314001 (base 5) to base 9
63240
59908 (base 11) to base 2
10101000100001001
95091 (base 13) to base 9
447746
What is 4322001 (base 5) in base 8?
217240
c143 (base 13) to base 9
40422
Convert 978083 (base 14) to base 6.
301552243
-142943 (base 13) to base 16
-77ff3
Convert 166827 (base 15) to base 8.
4107434
What is 2000303042 (base 5) in base 6?
215533422
-1001011101111111010 (base 2) to base 15
-61de6
What is -10000101211 (base 3) in base 6?
-1134421
Convert -235100114 (base 6) to base 7.
-52512010
What is -1217435 (base 15) in base 7?
-215236622
Convert 15100a (base 14) to base 12.
2b3baa
3025241 (base 8) to base 13
21bc03
What is -3145124 (base 8) in base 2?
-11001100101001010100
2074663 (base 8) to base 16
879b3
What is -1a1271 (base 15) in base 11?
-797922
What is 100000000101110100 (base 2) in base 13?
47aa1
Convert 42142033 (base 6) to base 15.
1935e9
What is 7e9239 (base 15) in base 10?
6055254
111100111001000101010 (base 2) to base 3
10202101001020
Convert a01268 (base 12) to base 11.
14510a5
b50cb (base 13) to base 2
1001111011011001011
-5a53 (base 15) to base 9
-28306
-111100000011111110 (base 2) to base 15
-4cd5e
-1422100130 (base 5) to base 8
-16106662
Convert 2211201022 (base 3) to base 12.
28445
16e22 (base 16) to base 2
10110111000100010
-3b842b (base 12) to base 10
-989027
What is 1537d (base 15) in base 8?
205305
What is 10111000010001101001 (base 2) in base 16?
b8469
What is -127786 (base 10) in base 12?
-61b4a
Convert 284818 (base 13) to base 7.
11224513
2001101221202 (base 3) to